{"id":675,"date":"2021-11-02T19:00:39","date_gmt":"2021-11-02T19:00:39","guid":{"rendered":"https:\/\/dj5events.com\/?page_id=675"},"modified":"2022-09-21T18:22:53","modified_gmt":"2022-09-21T18:22:53","slug":"675-2","status":"publish","type":"page","link":"https:\/\/dj5events.com\/?page_id=675","title":{"rendered":"Impressum"},"content":{"rendered":"\t\t<div data-elementor-type=\"wp-page\" data-elementor-id=\"675\" class=\"elementor elementor-675\" data-elementor-post-type=\"page\">\n\t\t\t\t\t\t<section class=\"elementor-section elementor-top-section elementor-element elementor-element-2a6b2a64 elementor-section-boxed elementor-section-height-default elementor-section-height-default\" data-id=\"2a6b2a64\" data-element_type=\"section\" data-e-type=\"section\">\n\t\t\t\t\t\t<div class=\"elementor-container elementor-column-gap-default\">\n\t\t\t\t\t<div class=\"elementor-column elementor-col-100 elementor-top-column elementor-element elementor-element-4481e5a5\" data-id=\"4481e5a5\" data-element_type=\"column\" data-e-type=\"column\">\n\t\t\t<div class=\"elementor-widget-wrap elementor-element-populated\">\n\t\t\t\t\t\t<div class=\"elementor-element elementor-element-6f43d545 elementor-widget elementor-widget-text-editor\" data-id=\"6f43d545\" data-element_type=\"widget\" data-e-type=\"widget\" data-widget_type=\"text-editor.default\">\n\t\t\t\t<div class=\"elementor-widget-container\">\n\t\t\t\t\t\t\t\t\t<p style=\"font-size: 18px; font-family: Roboto, Helvetica, Arial, sans-serif;\"><strong>Impressum<\/strong><\/p>\n<p style=\"font-size: 18px; font-family: Roboto, Helvetica, Arial, sans-serif;\"><strong>\u00a0<\/strong><\/p>\n<p style=\"font-size: 18px; font-family: Roboto, Helvetica, Arial, sans-serif;\">Angaben gem\u00e4\u00df \u00a7 5 TMG:<\/p>\n<p style=\"font-size: 18px; font-family: Roboto, Helvetica, Arial, sans-serif;\"><\/p>\n<p style=\"font-size: 18px; font-family: Roboto, Helvetica, Arial, sans-serif;\"><\/p>\n<p style=\"font-size: 18px; font-family: Roboto, Helvetica, Arial, sans-serif;\"><i>David Br\u00fcninghaus<\/i><\/p>\n<p style=\"font-size: 18px; font-family: Roboto, Helvetica, Arial, sans-serif;\">Joseph-Ressel Str. 2<\/p>\n<p style=\"font-size: 18px; font-family: Roboto, Helvetica, Arial, sans-serif;\">28357 Bremen<\/p>\n<p style=\"font-size: 18px; font-family: Roboto, Helvetica, Arial, sans-serif;\">Telefon: 0157 56013017<\/p>\n<p style=\"font-size: 18px; font-family: Roboto, Helvetica, Arial, sans-serif;\">Mail: info@dj5events.com<\/p>\n<p style=\"font-size: 18px; font-family: Roboto, Helvetica, Arial, sans-serif;\">&amp;<\/p>\n<p style=\"font-size: 18px; font-family: Roboto, Helvetica, Arial, sans-serif;\"><i>Alwin Altmann<\/i><\/p>\n<p style=\"font-size: 18px; font-family: Roboto, Helvetica, Arial, sans-serif;\">Alte Heerstra\u00dfe 3<\/p>\n<p style=\"font-size: 18px; font-family: Roboto, Helvetica, Arial, sans-serif;\">49586 Merzen<\/p>\n<p style=\"font-size: 18px; font-family: Roboto, Helvetica, Arial, sans-serif;\">Telefon: 01514 1256035\u00a0<\/p>\n<p style=\"font-size: 18px; font-family: Roboto, Helvetica, Arial, sans-serif;\">Mail: info@dj5events.com<\/p>\n<p style=\"font-size: 18px; font-family: Roboto, Helvetica, Arial, sans-serif;\">Streitschlichtung<\/p>\n<p style=\"font-size: 18px; font-family: Roboto, Helvetica, Arial, sans-serif;\">Die Europ\u00e4ische Kommission stellt eine Plattform zur Online-Streitbeilegung (OS) bereit:<\/p>\n<p style=\"font-size: 18px; font-family: Roboto, Helvetica, Arial, sans-serif;\">https:\/\/ec.europa.eu\/consumers\/odr<\/p>\n<p style=\"font-size: 18px; font-family: Roboto, Helvetica, Arial, sans-serif;\">Unsere E-Mail-Adresse finden Sie oben im Impressum.<\/p>\n<p style=\"font-size: 18px; font-family: Roboto, Helvetica, Arial, sans-serif;\">Wir sind nicht bereit oder verpflichtet, an Streitbeilegungsverfahren vor einer<\/p>\n<p style=\"font-size: 18px; font-family: Roboto, Helvetica, Arial, sans-serif;\">Verbraucherschlichtungsstelle teilzunehmen.<\/p>\n<p style=\"font-size: 18px; font-family: Roboto, Helvetica, Arial, sans-serif;\">Haftung f\u00fcr Inhalte<\/p>\n<p style=\"font-size: 18px; font-family: Roboto, Helvetica, Arial, sans-serif;\">Als Diensteanbieter sind wir gem\u00e4\u00df \u00a7 7 Abs.1 TMG f\u00fcr eigene Inhalte auf diesen Seiten nach den<\/p>\n<p style=\"font-size: 18px; font-family: Roboto, Helvetica, Arial, sans-serif;\">allgemeinen Gesetzen verantwortlich. Nach \u00a7\u00a7 8 bis 10 TMG sind wir als Diensteanbieter jedoch nicht<\/p>\n<p style=\"font-size: 18px; font-family: Roboto, Helvetica, Arial, sans-serif;\">verpflichtet, \u00fcbermittelte oder gespeicherte fremde Informationen zu \u00fcberwachen oder nach Umst\u00e4nden<\/p>\n<p style=\"font-size: 18px; font-family: Roboto, Helvetica, Arial, sans-serif;\">zu forschen, die auf eine rechtswidrige T\u00e4tigkeit hinweisen.<\/p>\n<p style=\"font-size: 18px; font-family: Roboto, Helvetica, Arial, sans-serif;\">Verpflichtungen zur Entfernung oder Sperrung der Nutzung von Informationen nach den allgemeinen<\/p>\n<p style=\"font-size: 18px; font-family: Roboto, Helvetica, Arial, sans-serif;\">Gesetzen bleiben hiervon unber\u00fchrt. Eine diesbez\u00fcgliche Haftung ist jedoch erst ab dem Zeitpunkt der<\/p>\n<p style=\"font-size: 18px; font-family: Roboto, Helvetica, Arial, sans-serif;\">Kenntnis einer konkreten Rechtsverletzung m\u00f6glich. Bei Bekanntwerden von entsprechenden<\/p>\n<p style=\"font-size: 18px; font-family: Roboto, Helvetica, Arial, sans-serif;\">Rechtsverletzungen werden wir diese Inhalte umgehend entfernen.<\/p>\n<p style=\"font-size: 18px; font-family: Roboto, Helvetica, Arial, sans-serif;\">Haftung f\u00fcr Links<\/p>\n<p style=\"font-size: 18px; font-family: Roboto, Helvetica, Arial, sans-serif;\">Unser Angebot enth\u00e4lt Links zu externen Websites Dritter, auf deren Inhalte wir keinen Einfluss haben.<\/p>\n<p style=\"font-size: 18px; font-family: Roboto, Helvetica, Arial, sans-serif;\">Deshalb k\u00f6nnen wir f\u00fcr diese fremden Inhalte auch keine Gew\u00e4hr \u00fcbernehmen. F\u00fcr die Inhalte der<\/p>\n<p style=\"font-size: 18px; font-family: Roboto, Helvetica, Arial, sans-serif;\">verlinkten Seiten ist stets der jeweilige Anbieter oder Betreiber der Seiten verantwortlich. Die verlinkten<\/p>\n<p style=\"font-size: 18px; font-family: Roboto, Helvetica, Arial, sans-serif;\">Seiten wurden zum Zeitpunkt der Verlinkung auf m\u00f6gliche Rechtsverst\u00f6\u00dfe \u00fcberpr\u00fcft. Rechtswidrige<\/p>\n<p style=\"font-size: 18px; font-family: Roboto, Helvetica, Arial, sans-serif;\">Inhalte waren zum Zeitpunkt der Verlinkung nicht erkennbar.<\/p>\n<p style=\"font-size: 18px; font-family: Roboto, Helvetica, Arial, sans-serif;\">Eine permanente inhaltliche Kontrolle der verlinkten Seiten ist jedoch ohne konkrete Anhaltspunkte einer<\/p>\n<p style=\"font-size: 18px; font-family: Roboto, Helvetica, Arial, sans-serif;\">Rechtsverletzung nicht zumutbar. Bei Bekanntwerden von Rechtsverletzungen werden wir derartige Links<\/p>\n<p style=\"font-size: 18px; font-family: Roboto, Helvetica, Arial, sans-serif;\">umgehend entfernen.<\/p>\n<p style=\"font-size: 18px; font-family: Roboto, Helvetica, Arial, sans-serif;\">Urheberrecht<\/p>\n<p style=\"font-size: 18px; font-family: Roboto, Helvetica, Arial, sans-serif;\">Die durch die Seitenbetreiber erstellten Inhalte und Werke auf diesen Seiten unterliegen dem deutschen<\/p>\n<p style=\"font-size: 18px; font-family: Roboto, Helvetica, Arial, sans-serif;\">Urheberrecht. Die Vervielf\u00e4ltigung, Bearbeitung, Verbreitung und jede Art der Verwertung au\u00dferhalb der<\/p>\n<p style=\"font-size: 18px; font-family: Roboto, Helvetica, Arial, sans-serif;\">Grenzen des Urheberrechtes bed\u00fcrfen der schriftlichen Zustimmung des jeweiligen Autors bzw.<\/p>\n<p style=\"font-size: 18px; font-family: Roboto, Helvetica, Arial, sans-serif;\">Erstellers. Downloads und Kopien dieser Seite sind nur f\u00fcr den privaten, nicht kommerziellen Gebrauch<\/p>\n<p style=\"font-size: 18px; font-family: Roboto, Helvetica, Arial, sans-serif;\">gestattet.<\/p>\n<p style=\"font-size: 18px; font-family: Roboto, Helvetica, Arial, sans-serif;\">Soweit die Inhalte auf dieser Seite nicht vom Betreiber erstellt wurden, werden die Urheberrechte Dritter<\/p>\n<p style=\"font-size: 18px; font-family: Roboto, Helvetica, Arial, sans-serif;\">beachtet. Insbesondere werden Inhalte Dritter als solche gekennzeichnet. Sollten Sie trotzdem auf eine<\/p>\n<p style=\"font-size: 18px; font-family: Roboto, Helvetica, Arial, sans-serif;\">Urheberrechtsverletzung aufmerksam werden, bitten wir um einen entsprechenden Hinweis. Bei<\/p>\n<p style=\"font-size: 18px; font-family: Roboto, Helvetica, Arial, sans-serif;\">Bekanntwerden von Rechtsverletzungen werden wir derartige Inhalte umgehend entfernen.<\/p>\n<p style=\"font-size: 18px; font-family: Roboto, Helvetica, Arial, sans-serif;\">Quelle: https:\/\/www.e-recht24.de<\/p>\n<h3 style=\"font-family: Roboto, Helvetica, Arial, sans-serif; color: #3c4858; font-size: inherit;\">Inhaltlich verantwortlich nach \u00a7 5 TMG<\/h3>\n<p style=\"font-family: Roboto, Helvetica, Arial, sans-serif; font-size: 18px;\"><span style=\"font-style: italic;\">David Br\u00fcninghaus<\/span><\/p>\n<p style=\"font-family: Roboto, Helvetica, Arial, sans-serif; font-size: 18px;\">Joseph-Ressel Str. 2<\/p>\n<p style=\"font-family: Roboto, Helvetica, Arial, sans-serif; font-size: 18px;\">28357 Bremen<\/p>\n<p style=\"font-family: Roboto, Helvetica, Arial, sans-serif; font-size: 18px;\">Telefon: 015756013017<\/p>\n<p style=\"font-family: Roboto, Helvetica, Arial, sans-serif; font-size: 18px;\">Mail: info@dj5events.com<\/p>\n<p style=\"font-family: Roboto, Helvetica, Arial, sans-serif; font-size: 18px;\">&amp;<\/p>\n<p style=\"font-family: Roboto, Helvetica, Arial, sans-serif; font-size: 18px;\"><span style=\"font-style: italic;\">Alwin Altmann<\/span><\/p>\n<p style=\"font-family: Roboto, Helvetica, Arial, sans-serif; font-size: 18px;\">Alte Heerstra\u00dfe 3<\/p>\n<p style=\"font-family: Roboto, Helvetica, Arial, sans-serif; font-size: 18px;\">49586 Merzen<\/p>\n<p style=\"font-family: Roboto, Helvetica, Arial, sans-serif; font-size: 18px;\">Telefon: 01514 1256035\u00a0<\/p>\n<p style=\"font-size: 14px; font-family: Roboto, Helvetica, Arial, sans-serif;\"><span style=\"font-family: Montserrat; font-size: 18px;\"><\/span><\/p>\n<p style=\"font-family: Roboto, Helvetica, Arial, sans-serif; font-size: 18px;\">Mail: info@dj5events.com<\/p>\t\t\t\t\t\t\t\t<\/div>\n\t\t\t\t<\/div>\n\t\t\t\t\t<\/div>\n\t\t<\/div>\n\t\t\t\t\t<\/div>\n\t\t<\/section>\n\t\t\t\t<\/div>\n\t\t","protected":false},"excerpt":{"rendered":"<p>Impressum \u00a0 Angaben gem\u00e4\u00df \u00a7 5 TMG: David Br\u00fcninghaus Joseph-Ressel Str. 2 28357 Bremen Telefon: 0157 56013017 Mail: info@dj5events.com &amp; Alwin Altmann Alte Heerstra\u00dfe 3 49586 Merzen Telefon: 01514 1256035\u00a0 Mail: info@dj5events.com Streitschlichtung Die Europ\u00e4ische Kommission stellt eine Plattform zur Online-Streitbeilegung (OS) bereit: https:\/\/ec.europa.eu\/consumers\/odr Unsere E-Mail-Adresse finden Sie oben im<a class=\"moretag\" href=\"https:\/\/dj5events.com\/?page_id=675\"> Weiterlesen<\/a><\/p>\n","protected":false},"author":1,"featured_media":0,"parent":0,"menu_order":0,"comment_status":"closed","ping_status":"closed","template":"","meta":{"_themeisle_gutenberg_block_has_review":false,"footnotes":""},"class_list":["post-675","page","type-page","status-publish","hentry"],"_links":{"self":[{"href":"https:\/\/dj5events.com\/index.php?rest_route=\/wp\/v2\/pages\/675","targetHints":{"allow":["GET"]}}],"collection":[{"href":"https:\/\/dj5events.com\/index.php?rest_route=\/wp\/v2\/pages"}],"about":[{"href":"https:\/\/dj5events.com\/index.php?rest_route=\/wp\/v2\/types\/page"}],"author":[{"embeddable":true,"href":"https:\/\/dj5events.com\/index.php?rest_route=\/wp\/v2\/users\/1"}],"replies":[{"embeddable":true,"href":"https:\/\/dj5events.com\/index.php?rest_route=%2Fwp%2Fv2%2Fcomments&post=675"}],"version-history":[{"count":18,"href":"https:\/\/dj5events.com\/index.php?rest_route=\/wp\/v2\/pages\/675\/revisions"}],"predecessor-version":[{"id":1041,"href":"https:\/\/dj5events.com\/index.php?rest_route=\/wp\/v2\/pages\/675\/revisions\/1041"}],"wp:attachment":[{"href":"https:\/\/dj5events.com\/index.php?rest_route=%2Fwp%2Fv2%2Fmedia&parent=675"}],"curies":[{"name":"wp","href":"https:\/\/api.w.org\/{rel}","templated":true}]}}